Let n be u(4). Let o = n + 6. Let x(g) = 6*g - 7. What is the remainder when x(7) is divided by o?
11
Let g be 1 + -2 + -1 + 6. Suppose -o = 4*j - 4*o - 24, -j + 6 = -g*o. Calculate the remainder when 10 is divided by j.
4
Suppose 0 = -2*c + 143 + 7. What is the remainder when c is divided by 13?
10
Let r(l) = -l**3 - 3*l**2 + 2*l + 1. Let z be r(-4). Suppose 4*h + 30 = z*h. Calculate the remainder when 23 is divided by h.
5
Let w = 18 + -9. Calculate the remainder when 12 is divided by (-1 - -2)*(w + -4).
2
Let c(o) = o**3 - 5*o**2 - 4*o - 7. Let l be c(6). Suppose -5*h = l*s - 145, 6*h - h - 137 = 3*s. What is the remainder when 54 is divided by h?
26
What is the remainder when (-1)/(-8)*6 - (-298)/8 is divided by -4*(-1 + -1) - -2?
8
Suppose -3*g - 4*q + 205 = 0, 0 = 4*g - 4*q + 3*q - 248. Calculate the remainder when g is divided by (-134)/(-10) - 6/15.
11
Suppose -10*i + 322 = 13*i. What is the remainder when 25 is divided by i?
11
Suppose 162 = 3*d + 4*q, 7*d - 2*d = q + 293. What is the remainder when d is divided by 2/(-7) - 284/(-14)?
18
Suppose -5*w + 148 = -w. Suppose -14 = p + 4*d, -3*d + 5*d + 4 = 0. Let z(y) = -y**3 - 5*y**2 + 5*y + 7. What is the remainder when w is divided by z(p)?
11
Let t(f) = f**3 + 5*f**2 - 9*f - 6. Let m = 29 - 44. Let l = m - -9. Calculate the remainder when t(l) is divided by 7.
5
Let j(p) = 2*p**3 + 2*p**2 - 4*p + 3. Calculate the remainder when 35 is divided by j(2).
16
Let h be 6/4 - 1/2. Let k(x) = -4*x - 8 - 1 + h. What is the remainder when k(-7) is divided by 7?
6
Let z be (-4)/22 - (-1060)/22. Suppose l + 3*l = z. What is the remainder when 29 is divided by (-43)/(-3) + 8/l?
14
Let s(j) = 3*j**2 - j + 2. Let q(z) = -z**2 + 5*z + 3. Let b be q(-5). Let o = 78 + b. What is the remainder when o is divided by s(-2)?
15
Let g(p) = -p**3 + p**2 + p - 2. Let a(z) = -z - 3. What is the remainder when g(-2) is divided by a(-6)?
2
Suppose -4*p + 171 = 5*s, -3*p = -s - 0*s + 19. Calculate the remainder when s is divided by (-2676)/(-156) - 2/13.
14
Let k(s) = 2*s - 7. What is the remainder when 61 is divided by k(7)?
5
Let r(j) = 2*j**2 + 7*j + 5. Suppose 0 = 5*q - 8 + 38. Calculate the remainder when r(q) is divided by 9.
8
What is the remainder when 24 is divided by 5 + (4 + (-16)/4)/2?
4
Let j(f) be the third derivative of f**5/60 + f**4/3 - f**3 - f**2. Calculate the remainder when j(-10) is divided by 5.
4
Let g(h) = h**2 - 5*h - 4. Let f be g(5). Let n = 18 + -10. Let w = n + f. Calculate the remainder when 10 is divided by w.
2
Suppose -3*q = -q - 116. Calculate the remainder when q is divided by 15.
13
Let h(l) = l - 3. Let j = -13 - -14. What is the remainder when h(5) is divided by j?
0
Let a = -4 - -7. Suppose 5*k = -0*k - 25, -k + 34 = a*s. Calculate the remainder when s is divided by 7.
6
Let w = 32 + 49. Let l = -28 + w. Suppose 2*g = -7 + l. Calculate the remainder when g is divided by 12.
11
Suppose -l = 5*n - 13, -7*l + 3*l + 8 = -2*n. Suppose -5*s + 3*q - 3 + 47 = 0, 0 = -5*q - 15. What is the remainder when s is divided by n?
1
Let u be ((-9)/6)/(3/(-6)). Let m be ((-43)/u)/(4/(-12)). Let a = -14 + m. Calculate the remainder when a is divided by 8.
5
Suppose g - 3 = 2*d, 5*d = 2*d. Suppose 8*k - g*k = 15. Suppose k*c - 15 = -3. What is the remainder when 6 is divided by c?
2
Let f(k) = k + 2. Let t = 11 + -8. What is the remainder when 13 is divided by f(t)?
3
Suppose 0 = 4*p + 4*j - 68, 3 = -2*p - 3*j + 42. Let m = p + -5. Calculate the remainder when 13 is divided by m.
6
Let l(r) = -7*r**2 + 5*r + 4. Let c(q) = 6*q**2 - 4*q - 3. Let a(t) = 6*c(t) + 5*l(t). Calculate the remainder when a(-2) is divided by 4*(1/(-2))/(-1).
0
Let x(g) = 6*g - 10. Calculate the remainder when x(5) is divided by 12.
8
Suppose 4 = -2*i + 50. Let y = -15 - 0. Let s = y - -23. What is the remainder when i is divided by s?
7
Let r = -25 + 49. What is the remainder when r is divided by 7?
3
Suppose 0 = -4*n - 4*i + 44, 7 = 3*n + 2*i - 30. Let u = n + 3. Calculate the remainder when u is divided by 10.
8
Let q be (-1 - -3)*6/4. Suppose 3*g = -t - 11, -q*t + 0*g = -g - 17. Suppose t*x - 60 = 3*n, 0*n - 5*n = 0. What is the remainder when x is divided by 8?
7
Suppose 2*c + 0*c - 30 = 5*i, -c + 9 = -i. Suppose 0 = -2*p + 5*h + 23, 4*p = -c*h + 32 - 1. What is the remainder when 43 is divided by p?
7
Suppose 2*c - 155 = -5*z - 0*z, z = -3*c + 18. Let n = -1 + 6. Suppose n*a - z = 12. What is the remainder when a is divided by 5?
4
Suppose -22 - 13 = -5*v. What is the remainder when v is divided by 3?
1
Let k(q) = -q**2 - q + 3. Let g be k(0). Suppose -4*x + 15 = -1, g*m - 2*x = 160. Calculate the remainder when m is divided by 19.
18
Let w(u) = u**3 + 6*u**2 - 3*u + 3. Let y(z) = 4*z**3 + 25*z**2 - 12*z + 11. Let p(d) = 9*w(d) - 2*y(d). Calculate the remainder when 33 is divided by p(-4).
16
Suppose 5*b - 8 - 33 = -3*v, -b - 2 = 4*v. Suppose -2*r + 6 = -0. Let j(t) = 3*t**2 - 2*t - 2. What is the remainder when j(r) is divided by b?
9
Let z(r) = 2*r**2 + r - 2. Calculate the remainder when (-1)/(-2) + (-105)/(-10) is divided by z(-2).
3
Let f = 22 + -1. What is the remainder when 57 is divided by f?
15
Suppose -167 + 23 = -3*g. Calculate the remainder when g is divided by 13.
9
Suppose 5*r - 3*o + 7 = 0, -4*r + 2*o - 4 = -0. Let d be 1 + r*(2 - 1). Calculate the remainder when (-1 + d)*5 + 1 is divided by 4.
2
Suppose 0 = -3*g - 79 + 289. Let m(a) = -a**3 + a**2 + 18. What is the remainder when g is divided by m(0)?
16
Let b(l) = -3*l**2 + l**2 + 4*l - 4 + 3*l**2. Let w(q) = q**3 - 8*q**2 + 7*q - 7. Let x be w(7). What is the remainder when 50 is divided by b(x)?
16
Let v(l) = -7*l**2 + 7*l + 2. Let i be v(6). Let f = -34 + 86. What is the remainder when f is divided by i/(-12) - 4/(-6)?
16
Suppose -20 = -7*s + 2*s. Let a = -58 + 67. What is the remainder when a is divided by s?
1
Suppose 0*p + p = 2*m + 8, -3*m + 16 = 2*p. What is the remainder when 13 is divided by p?
5
Suppose 6*n = 2*n + 40. Calculate the remainder when 0 + -2 - (-195)/5 is divided by n.
7
Let m(d) = -6*d + 53. What is the remainder when 52 is divided by m(7)?
8
Let q(w) = -w + 41. Calculate the remainder when 40 is divided by q(16).
15
Let h = 205 - 139. Calculate the remainder when h is divided by 17.
15
Let r(j) = j**3 + 6*j**2 - 3*j + 14. What is the remainder when r(-6) is divided by 9?
5
Suppose 2*m - 5*c - 87 = 0, 5*m + 2*c = 4*c + 165. What is the remainder when m is divided by 8?
7
Let o(a) be the third derivative of a**6/120 - a**5/10 - 11*a**4/24 + a**3 - 2*a**2. Let j be o(7). What is the remainder when 0 - j - (-1)/1 is divided by 12?
11
Suppose -5 = -10*n + 5*n. Suppose 0 = 3*q - 47 - n. Calculate the remainder when 45 is divided by q.
13
Let p = 4 + -15. Let q = p - -26. Calculate the remainder when q is divided by 8.
7
Let m be 1/2*-2*0. Suppose o - 4*o + 39 = m. Suppose 5*p - 187 - 3 = 0. Calculate the remainder when p is divided by o.
12
Suppose 0 = 3*s + 5*d - 44, 4*d = -3*s + 47 - 7. Calculate the remainder when 21 is divided by s.
5
Let y = -17 + 29. Let a = -3 + 5. Suppose 141 = 4*z - 5*f, -a*z - 5*f + 66 = -3*f. What is the remainder when z is divided by y?
10
Suppose 62 = k + 9. What is the remainder when k is divided by 18?
17
Suppose -50*g = -51*g + 2. Let v be (-20)/(-6)*(-6)/(-4). Suppose -f + g*a + 30 = f, 15 = -v*a. What is the remainder when 33 is divided by f?
9
Let c = 6 + 28. Calculate the remainder when c is divided by 12.
10
Suppose -3*o = -o - 14. Suppose -3*x + o*x - 60 = 0. Suppose r - x = -f, -77 = -3*r - 4*f - 32. Calculate the remainder when r is divided by 6.
3
Let d(m) = 38*m**2 + 1. Suppose -3*n + 3*l = -0*l - 6, -6 = -3*n + 5*l. Let w = n + 18. What is the remainder when d(-1) is divided by w?
19
Let k(w) = 3*w**3 - 2*w**2 + 3*w - 6. What is the remainder when 196 is divided by k(3)?
64
What is the remainder when 10 is divided by (-18)/(-9) + (0 - -4)?
4
Let u(y) = 5*y**2 - y**3 - 4*y + 4*y + 6 - 2*y. Suppose 4*c = -3*x + 17, -2*c + 3*x = x - 12. What is the remainder when u(4) is divided by c?
4
Let j = 57 + -38. Let i = j + -9. Let t = 4 - 0. What is the remainder when i is divided by t?
2
Calculate the remainder when 68 is divided by (-18)/(14/(-8) - -1).
20
Suppose 26*u - 29*u = -9. Let r(n) 